{"id":877,"date":"2022-04-12T11:56:50","date_gmt":"2022-04-12T14:56:50","guid":{"rendered":"http:\/\/dermacentro.com.br\/?page_id=877"},"modified":"2022-08-18T20:15:29","modified_gmt":"2022-08-18T23:15:29","slug":"radiofrequencia","status":"publish","type":"page","link":"https:\/\/dermacentro.com.br\/index.php\/tratamentos-faciais\/radiofrequencia\/","title":{"rendered":"Radiofrequencia"},"content":{"rendered":"\t\t<div data-elementor-type=\"wp-page\" data-elementor-id=\"877\" class=\"elementor elementor-877\">\n\t\t\t\t\t\t<section class=\"elementor-section elementor-top-section elementor-element elementor-element-0c5fb4f elementor-section-stretched elementor-section-boxed elementor-section-height-default elementor-section-height-default\" data-id=\"0c5fb4f\" data-element_type=\"section\" data-settings=\"{&quot;stretch_section&quot;:&quot;section-stretched&quot;,&quot;background_background&quot;:&quot;classic&quot;}\">\n\t\t\t\t\t\t\t<div class=\"elementor-background-overlay\"><\/div>\n\t\t\t\t\t\t\t<div class=\"elementor-container elementor-column-gap-default\">\n\t\t\t\t\t<div class=\"elementor-column elementor-col-100 elementor-top-column elementor-element elementor-element-b33aa50\" data-id=\"b33aa50\" data-element_type=\"column\">\n\t\t\t<div class=\"elementor-widget-wrap elementor-element-populated\">\n\t\t\t\t\t\t\t<\/div>\n\t\t<\/div>\n\t\t\t\t\t<\/div>\n\t\t<\/section>\n\t\t\t\t<section class=\"elementor-section elementor-top-section elementor-element elementor-element-3e41c4a elementor-section-stretched elementor-section-boxed elementor-section-height-default elementor-section-height-default\" data-id=\"3e41c4a\" data-element_type=\"section\" data-settings=\"{&quot;stretch_section&quot;:&quot;section-stretched&quot;,&quot;background_background&quot;:&quot;classic&quot;}\">\n\t\t\t\t\t\t<div class=\"elementor-container elementor-column-gap-wider\">\n\t\t\t\t\t<div class=\"elementor-column elementor-col-100 elementor-top-column elementor-element elementor-element-b382ebe\" data-id=\"b382ebe\" data-element_type=\"column\">\n\t\t\t<div class=\"elementor-widget-wrap elementor-element-populated\">\n\t\t\t\t\t\t<section class=\"elementor-section elementor-inner-section elementor-element elementor-element-a05f91a elementor-section-boxed elementor-section-height-default elementor-section-height-default\" data-id=\"a05f91a\" data-element_type=\"section\">\n\t\t\t\t\t\t<div class=\"elementor-container elementor-column-gap-default\">\n\t\t\t\t\t<div class=\"elementor-column elementor-col-50 elementor-inner-column elementor-element elementor-element-530dd7b\" data-id=\"530dd7b\" data-element_type=\"column\">\n\t\t\t<div class=\"elementor-widget-wrap elementor-element-populated\">\n\t\t\t\t\t\t<div class=\"elementor-element elementor-element-4d5caeb elementor-widget elementor-widget-image\" data-id=\"4d5caeb\" data-element_type=\"widget\" data-widget_type=\"image.default\">\n\t\t\t\t<div class=\"elementor-widget-container\">\n\t\t\t<style>\/*! elementor - v3.23.0 - 05-08-2024 *\/\n.elementor-widget-image{text-align:center}.elementor-widget-image a{display:inline-block}.elementor-widget-image a img[src$=\".svg\"]{width:48px}.elementor-widget-image img{vertical-align:middle;display:inline-block}<\/style>\t\t\t\t\t\t\t\t\t\t<img fetchpriority=\"high\" width=\"1000\" height=\"668\" src=\"https:\/\/dermacentro.com.br\/wp-content\/uploads\/2022\/08\/exilis.webp\" class=\"attachment-full size-full wp-image-2411\" alt=\"\" srcset=\"https:\/\/dermacentro.com.br\/wp-content\/uploads\/2022\/08\/exilis.webp 1000w, https:\/\/dermacentro.com.br\/wp-content\/uploads\/2022\/08\/exilis-300x200.webp 300w, https:\/\/dermacentro.com.br\/wp-content\/uploads\/2022\/08\/exilis-768x513.webp 768w, https:\/\/dermacentro.com.br\/wp-content\/uploads\/2022\/08\/exilis-219x146.webp 219w, https:\/\/dermacentro.com.br\/wp-content\/uploads\/2022\/08\/exilis-50x33.webp 50w, https:\/\/dermacentro.com.br\/wp-content\/uploads\/2022\/08\/exilis-112x75.webp 112w\" sizes=\"(max-width: 1000px) 100vw, 1000px\" \/>\t\t\t\t\t\t\t\t\t\t\t\t\t<\/div>\n\t\t\t\t<\/div>\n\t\t\t\t\t<\/div>\n\t\t<\/div>\n\t\t\t\t<div class=\"elementor-column elementor-col-50 elementor-inner-column elementor-element elementor-element-8599277\" data-id=\"8599277\" data-element_type=\"column\">\n\t\t\t<div class=\"elementor-widget-wrap elementor-element-populated\">\n\t\t\t\t\t\t<div class=\"elementor-element elementor-element-d53fc86 elementor-widget elementor-widget-text-editor\" data-id=\"d53fc86\" data-element_type=\"widget\" data-widget_type=\"text-editor.default\">\n\t\t\t\t<div class=\"elementor-widget-container\">\n\t\t\t<style>\/*! elementor - v3.23.0 - 05-08-2024 *\/\n.elementor-widget-text-editor.elementor-drop-cap-view-stacked .elementor-drop-cap{background-color:#69727d;color:#fff}.elementor-widget-text-editor.elementor-drop-cap-view-framed .elementor-drop-cap{color:#69727d;border:3px solid;background-color:transparent}.elementor-widget-text-editor:not(.elementor-drop-cap-view-default) .elementor-drop-cap{margin-top:8px}.elementor-widget-text-editor:not(.elementor-drop-cap-view-default) .elementor-drop-cap-letter{width:1em;height:1em}.elementor-widget-text-editor .elementor-drop-cap{float:left;text-align:center;line-height:1;font-size:50px}.elementor-widget-text-editor .elementor-drop-cap-letter{display:inline-block}<\/style>\t\t\t\t<h3><span style=\"color: #ffffff;\">O que \u00e9?<\/span><\/h3>\t\t\t\t\t\t<\/div>\n\t\t\t\t<\/div>\n\t\t\t\t<div class=\"elementor-element elementor-element-d870478 elementor-widget elementor-widget-text-editor\" data-id=\"d870478\" data-element_type=\"widget\" data-widget_type=\"text-editor.default\">\n\t\t\t\t<div class=\"elementor-widget-container\">\n\t\t\t\t\t\t\t<div class=\"wpb_text_column wpb_content_element \" style=\"background: 0px 0px; margin-bottom: 35px; outline: 0px;\"><div class=\"wpb_wrapper\" style=\"background: 0px 0px; outline: 0px;\"><p class=\"MsoNormal\">\u00a0Trata-se de um tratamento\u00a0n\u00e3o-ablativo e n\u00e3o invasivo cujo objetivo \u00e9 o agrad\u00e1vel aquecimento superficial da derme, promovendo aumento de t\u00f4nus.\u00a0\u00a0<\/p><p class=\"MsoNormal\">Atinge todas as camadas da pele simultaneamente, tratando desde as \u00e1reas mais superficiais\u00a0at\u00e9 as camadas mais profundas.<\/p><p class=\"MsoNormal\">Possibilita o tratamento de todas as \u00e1reas do corpo e da face.<\/p><p class=\"MsoNormal\">\u00a0Possibilita o tratamento de todos os tipos de pacientes\u00a0<\/p><p class=\"MsoNormal\">\u00a0<\/p><p class=\"MsoNormal\">Por n\u00e3o envolver a emiss\u00e3o de luz nem provocar manchas arroxeadas, pode ser usado todas as \u00e9pocas do ano.\u00a0<\/p><\/div><\/div>\t\t\t\t\t\t<\/div>\n\t\t\t\t<\/div>\n\t\t\t\t<div class=\"elementor-element elementor-element-aef01ed elementor-widget elementor-widget-text-editor\" data-id=\"aef01ed\" data-element_type=\"widget\" data-widget_type=\"text-editor.default\">\n\t\t\t\t<div class=\"elementor-widget-container\">\n\t\t\t\t\t\t\t<div class=\"wpb_text_column wpb_content_element \" style=\"background: 0px 0px; margin-bottom: 35px; outline: 0px;\"><div class=\"wpb_wrapper\" style=\"background: 0px 0px; outline: 0px;\"><h3><span style=\"color: #ffffff;\">Como \u00e9 o\u00a0<b>tratamento?<\/b><\/span><\/h3><\/div><\/div>\t\t\t\t\t\t<\/div>\n\t\t\t\t<\/div>\n\t\t\t\t<div class=\"elementor-element elementor-element-0bcfbee elementor-widget elementor-widget-text-editor\" data-id=\"0bcfbee\" data-element_type=\"widget\" data-widget_type=\"text-editor.default\">\n\t\t\t\t<div class=\"elementor-widget-container\">\n\t\t\t\t\t\t\t<p class=\"MsoNormal\">As ponteiras t\u00eam o objetivo de promover aquecimento volum\u00e9trico controlado, elevando agradavelmente a temperatura da superf\u00edcie da pele a 40\u00baC, enquanto a temperatura na profundidade chega a temperaturas de 50\u00baC a 60\u00baC.<\/p><p class=\"MsoNormal\">\u00a0<\/p><p class=\"MsoNormal\">A energia produzida pertence ao espectro eletromagn\u00e9tico e se caracteriza pela capacidade de induzir ao movimento as mol\u00e9culas de \u00e1gua. Tal fric\u00e7\u00e3o transforma sua energia em calor. N\u00e3o ocorre o aquecimento da pele, mas de\u00a0todos os tecidos que cont\u00e9m \u00e1gua, inclusive o tecido adiposo. \u00c9 um efeito similar ao que ocorre no forno de microondas: a \u00e1gua aquece, mas o copo de vidro permanece frio, pois as mol\u00e9culas de vidro n\u00e3o oscilam por ter liga\u00e7\u00e3o mais r\u00edgida.<\/p>\t\t\t\t\t\t<\/div>\n\t\t\t\t<\/div>\n\t\t\t\t\t<\/div>\n\t\t<\/div>\n\t\t\t\t\t<\/div>\n\t\t<\/section>\n\t\t\t\t\t<\/div>\n\t\t<\/div>\n\t\t\t\t\t<\/div>\n\t\t<\/section>\n\t\t\t\t<section class=\"elementor-section elementor-top-section elementor-element elementor-element-23c64f6 elementor-section-stretched elementor-section-boxed elementor-section-height-default elementor-section-height-default\" data-id=\"23c64f6\" data-element_type=\"section\" data-settings=\"{&quot;stretch_section&quot;:&quot;section-stretched&quot;,&quot;background_background&quot;:&quot;classic&quot;}\">\n\t\t\t\t\t\t<div class=\"elementor-container elementor-column-gap-wider\">\n\t\t\t\t\t<div class=\"elementor-column elementor-col-100 elementor-top-column elementor-element elementor-element-536a83c\" data-id=\"536a83c\" data-element_type=\"column\">\n\t\t\t<div class=\"elementor-widget-wrap elementor-element-populated\">\n\t\t\t\t\t\t<section class=\"elementor-section elementor-inner-section elementor-element elementor-element-21d1228 elementor-section-boxed elementor-section-height-default elementor-section-height-default\" data-id=\"21d1228\" data-element_type=\"section\">\n\t\t\t\t\t\t<div class=\"elementor-container elementor-column-gap-default\">\n\t\t\t\t\t<div class=\"elementor-column elementor-col-100 elementor-inner-column elementor-element elementor-element-5128357\" data-id=\"5128357\" data-element_type=\"column\">\n\t\t\t<div class=\"elementor-widget-wrap elementor-element-populated\">\n\t\t\t\t\t\t<div class=\"elementor-element elementor-element-942eadf elementor-widget elementor-widget-text-editor\" data-id=\"942eadf\" data-element_type=\"widget\" data-widget_type=\"text-editor.default\">\n\t\t\t\t<div class=\"elementor-widget-container\">\n\t\t\t\t\t\t\t<h4 style=\"text-align: left;\">A Radiofrequencia \u00e9 um fen\u00f4meno f\u00edsico que induz a respostas fisiol\u00f3gicas, tais como:<\/h4><ul style=\"text-align: left;\"><li><p>Promove a reorganiza\u00e7\u00e3o do col\u00e1geno.<\/p><\/li><li><p>Estimula a circula\u00e7\u00e3o sangu\u00ednea, melhorando a qualidade da pele.<\/p><\/li><li><p>Estimula o sistema linf\u00e1tico e arteriovenoso do tecido adiposo, diminuindo o volume corporal.\u00a0<\/p><\/li><li><p>Estimula a colag\u00eanese da derme, tensionando a pele.\u00a0<\/p><\/li><li><p>Estimula a colagenase dos septos fibrosos, diminuindo seu volume.<\/p><\/li><\/ul><p style=\"text-align: left;\">\u00a0\u00a0O calor profundo, atua nas c\u00e9lulas de gordura, melhorando seu metabolismo, aumentando a oferta e a difus\u00e3o dimnuindo seu estoque de energia e contribuindo para a redu\u00e7\u00e3o de seu volume.<\/p><p style=\"text-align: left;\">Tamb\u00e9m leva \u00e0 produ\u00e7\u00e3o de fibras de col\u00e1geno, al\u00e9m de encorpar as fibras de col\u00e1geno e elastina j\u00e1 existentes.<\/p><p style=\"text-align: left;\">Atua reduzindo o processo inflamat\u00f3rio encontrado na celulite, al\u00e9m de facilitar a drenagem linf\u00e1tica, reduzindo a quantidade de toxinas nos tecidos.<\/p><p style=\"text-align: left;\">Anestesia &#8211; N\u00e3o h\u00e1 necessidade.\u00a0<\/p><p style=\"text-align: left;\"><span style=\"color: #000000; font-family: Manrope, -apple-system, BlinkMacSystemFont, 'Segoe UI', Roboto, Oxygen-Sans, Ubuntu, Cantarell, 'Helvetica Neue', sans-serif; font-size: 24px; font-style: normal; font-variant-ligatures: normal; font-variant-caps: normal; font-weight: bold;\">Indica\u00e7\u00f5es:<\/span><\/p><ul style=\"text-align: left;\"><li><p>Flacidez do pesco\u00e7o e colo;<\/p><\/li><li><p>Flacidez Corporal;<\/p><\/li><li><p>Celulite com Flacidez;<\/p><\/li><li><p>Perda do contorno corporal;<\/p><\/li><li><p>Celulite associada a Gordura;<\/p><\/li><li><p>Gordura Localizada (culote, abdome, papada);<\/p><\/li><li><p>Estrias;<\/p><\/li><li><p>Facidez P\u00f3s- Lipoaspira\u00e7\u00e3o;<\/p><\/li><li><p>Facidez P\u00f3s- Emagrecimento Abrupto;<\/p><\/li><li><p>Facidez P\u00f3s-Parto;<\/p><\/li><li><p>Rugas Colo.<\/p><\/li><\/ul><p style=\"text-align: left;\">\u00a0<\/p><h4 style=\"text-align: left;\">\u00a0<\/h4>\t\t\t\t\t\t<\/div>\n\t\t\t\t<\/div>\n\t\t\t\t\t<\/div>\n\t\t<\/div>\n\t\t\t\t\t<\/div>\n\t\t<\/section>\n\t\t\t\t\t<\/div>\n\t\t<\/div>\n\t\t\t\t\t<\/div>\n\t\t<\/section>\n\t\t\t\t<section class=\"elementor-section elementor-top-section elementor-element elementor-element-1e396e2 elementor-section-stretched elementor-section-boxed elementor-section-height-default elementor-section-height-default\" data-id=\"1e396e2\" data-element_type=\"section\" data-settings=\"{&quot;stretch_section&quot;:&quot;section-stretched&quot;,&quot;background_background&quot;:&quot;classic&quot;}\">\n\t\t\t\t\t\t<div class=\"elementor-container elementor-column-gap-wider\">\n\t\t\t\t\t<div class=\"elementor-column elementor-col-100 elementor-top-column elementor-element elementor-element-c87c65b\" data-id=\"c87c65b\" data-element_type=\"column\">\n\t\t\t<div class=\"elementor-widget-wrap elementor-element-populated\">\n\t\t\t\t\t\t<div class=\"elementor-element elementor-element-1e20649 elementor-widget elementor-widget-text-editor\" data-id=\"1e20649\" data-element_type=\"widget\" data-widget_type=\"text-editor.default\">\n\t\t\t\t<div class=\"elementor-widget-container\">\n\t\t\t\t\t\t\t<h4 class=\"MsoNormal\"><span style=\"color: #ffffff;\">Quantas sess\u00f5es s\u00e3o necess\u00e1rias?<\/span><\/h4>\n<p><span style=\"color: #ffffff;\">Seis a dez sess\u00f5es semanais, s\u00e3o recomendadas.<\/span><\/p>\n<p><span style=\"color: #ffffff;\">Entretanto, o n\u00famero exato de sess\u00f5es \u00e9 vari\u00e1vel, pois depende da resposta individual de cada paciente bem como de sua forma f\u00edsica e h\u00e1bitos de cada um.<\/span><\/p>\n<h4><span style=\"letter-spacing: 0px; color: #ffffff;\">Cuidados p\u00f3s-procedimento:<\/span><\/h4>\n<p class=\"MsoNormal\"><span style=\"color: #ffffff;\">&nbsp;A \u00e1rea tratada pode ficar quente e avermelhada por at\u00e9 90 minutos. Neste per\u00edodo, recomenda-se evitar nata\u00e7\u00e3o e banhos frios.&nbsp;<\/span><\/p>\n<p class=\"MsoNormal\"><span style=\"color: #ffffff;\">&nbsp;\u00c9 uma t\u00e9cnica que visa a estimula\u00e7\u00e3o do col\u00e1geno. Assim sendo, seus resultados ocorrem no m\u00e9dio prazo, ou seja, entre duas e quatro semanas, fase em que ocorre o pico da produ\u00e7\u00e3o do col\u00e1geno da pele. N\u00e3o \u00e9 esperado o \u201cefeito cinderela\u201d, embora possa ocorrer em alguns pacientes.&nbsp;Vantagens:&nbsp;Alto \u00edndice de satisfa\u00e7\u00e3o por parte dos pacientes.&nbsp;<\/span><\/p>\n<p class=\"MsoNormal\"><span style=\"color: #ffffff;\">Sess\u00f5es s\u00e3o semanais, num total de 4 a 10 sess\u00f5es.<\/span><\/p>\n<p class=\"MsoNormal\"><span style=\"color: #ffffff;\">Quanto tempo dura o efeito do tratamento?<\/span><\/p>\n<p class=\"MsoNormal\"><span style=\"color: #ffffff;\">Os resultados da Radiofrequencia s\u00e3o individuais e variam em cada caso. Mas, geralmente tem efeito prolongado, sendo necess\u00e1ria apenas uma sess\u00e3o de manuten\u00e7\u00e3o mensal.<\/span><\/p>\n<h4><span style=\"color: #ffffff;\">Contraindica\u00e7\u00f5es:<\/span><\/h4>\n<div>\n<ul>\n<li class=\"MsoNormal\">Hist\u00f3rico de doen\u00e7as estimuladas pelo calor;<\/li>\n<li class=\"MsoNormal\">Gravidez;<\/li>\n<li class=\"MsoNormal\">Doen\u00e7as de pele na \u00e1rea tratada;<\/li>\n<li class=\"MsoNormal\">Marca-passo;<\/li>\n<li class=\"MsoNormal\">Implante eletr\u00f4nico;<\/li>\n<li class=\"MsoNormal\">Mulheres com DIU de cobre;<\/li>\n<li class=\"MsoNormal\">Coagulopatias;<\/li>\n<li class=\"MsoNormal\">Hist\u00f3rico de trombose profunda;<\/li>\n<li class=\"MsoNormal\">Tumores malignos ativos;<\/li>\n<li class=\"MsoNormal\">Doen\u00e7as da tire\u00f3ide descontrolada.<\/li>\n<\/ul>\n<div>\n<p>Observa\u00e7\u00e3o: Pacientes com hist\u00f3rico de Herpes Simples devem ser tratados profilaticamente.<\/p>\n<\/div>\n<\/div>\t\t\t\t\t\t<\/div>\n\t\t\t\t<\/div>\n\t\t\t\t\t<\/div>\n\t\t<\/div>\n\t\t\t\t\t<\/div>\n\t\t<\/section>\n\t\t\t\t<section class=\"elementor-section elementor-top-section elementor-element elementor-element-1e1d461 elementor-section-stretched elementor-section-boxed elementor-section-height-default elementor-section-height-default\" data-id=\"1e1d461\" data-element_type=\"section\" data-settings=\"{&quot;stretch_section&quot;:&quot;section-stretched&quot;}\">\n\t\t\t\t\t\t<div class=\"elementor-container elementor-column-gap-wider\">\n\t\t\t\t\t<div class=\"elementor-column elementor-col-100 elementor-top-column elementor-element elementor-element-98eea6e\" data-id=\"98eea6e\" data-element_type=\"column\">\n\t\t\t<div class=\"elementor-widget-wrap elementor-element-populated\">\n\t\t\t\t\t\t<section class=\"elementor-section elementor-inner-section elementor-element elementor-element-8caea67 elementor-section-boxed elementor-section-height-default elementor-section-height-default\" data-id=\"8caea67\" data-element_type=\"section\" data-settings=\"{&quot;background_background&quot;:&quot;classic&quot;}\">\n\t\t\t\t\t\t<div class=\"elementor-container elementor-column-gap-default\">\n\t\t\t\t\t<div class=\"elementor-column elementor-col-100 elementor-inner-column elementor-element elementor-element-7cbc67d\" data-id=\"7cbc67d\" data-element_type=\"column\" data-settings=\"{&quot;background_background&quot;:&quot;classic&quot;}\">\n\t\t\t<div class=\"elementor-widget-wrap elementor-element-populated\">\n\t\t\t\t\t\t<div class=\"elementor-element elementor-element-aa9989b elementor-widget elementor-widget-text-editor\" data-id=\"aa9989b\" data-element_type=\"widget\" data-widget_type=\"text-editor.default\">\n\t\t\t\t<div class=\"elementor-widget-container\">\n\t\t\t\t\t\t\t<h2><b>Contato<\/b><\/h2><div><b>Entre em contato conosco para tirar uma d\u00favida ou agendar uma consulta.<\/b><\/div>\t\t\t\t\t\t<\/div>\n\t\t\t\t<\/div>\n\t\t\t\t<div class=\"elementor-element elementor-element-d89342c elementor-widget elementor-widget-spacer\" data-id=\"d89342c\" data-element_type=\"widget\" data-widget_type=\"spacer.default\">\n\t\t\t\t<div class=\"elementor-widget-container\">\n\t\t\t<style>\/*! elementor - v3.23.0 - 05-08-2024 *\/\n.elementor-column .elementor-spacer-inner{height:var(--spacer-size)}.e-con{--container-widget-width:100%}.e-con-inner>.elementor-widget-spacer,.e-con>.elementor-widget-spacer{width:var(--container-widget-width,var(--spacer-size));--align-self:var(--container-widget-align-self,initial);--flex-shrink:0}.e-con-inner>.elementor-widget-spacer>.elementor-widget-container,.e-con>.elementor-widget-spacer>.elementor-widget-container{height:100%;width:100%}.e-con-inner>.elementor-widget-spacer>.elementor-widget-container>.elementor-spacer,.e-con>.elementor-widget-spacer>.elementor-widget-container>.elementor-spacer{height:100%}.e-con-inner>.elementor-widget-spacer>.elementor-widget-container>.elementor-spacer>.elementor-spacer-inner,.e-con>.elementor-widget-spacer>.elementor-widget-container>.elementor-spacer>.elementor-spacer-inner{height:var(--container-widget-height,var(--spacer-size))}.e-con-inner>.elementor-widget-spacer.elementor-widget-empty,.e-con>.elementor-widget-spacer.elementor-widget-empty{position:relative;min-height:22px;min-width:22px}.e-con-inner>.elementor-widget-spacer.elementor-widget-empty .elementor-widget-empty-icon,.e-con>.elementor-widget-spacer.elementor-widget-empty .elementor-widget-empty-icon{position:absolute;top:0;bottom:0;left:0;right:0;margin:auto;padding:0;width:22px;height:22px}<\/style>\t\t<div class=\"elementor-spacer\">\n\t\t\t<div class=\"elementor-spacer-inner\"><\/div>\n\t\t<\/div>\n\t\t\t\t<\/div>\n\t\t\t\t<\/div>\n\t\t\t\t<div class=\"elementor-element elementor-element-8c37a5d elementor-widget elementor-widget-shortcode\" data-id=\"8c37a5d\" data-element_type=\"widget\" data-widget_type=\"shortcode.default\">\n\t\t\t\t<div class=\"elementor-widget-container\">\n\t\t\t\t\t<div class=\"elementor-shortcode\">\n<div class=\"wpcf7 no-js\" id=\"wpcf7-f112-o1\" lang=\"en-US\" dir=\"ltr\">\n<div class=\"screen-reader-response\"><p role=\"status\" aria-live=\"polite\" aria-atomic=\"true\"><\/p> <ul><\/ul><\/div>\n<form action=\"\/index.php\/wp-json\/wp\/v2\/pages\/877#wpcf7-f112-o1\" method=\"post\" class=\"wpcf7-form init\" aria-label=\"Contact form\" novalidate=\"novalidate\" data-status=\"init\">\n<div style=\"display: none;\">\n<input type=\"hidden\" name=\"_wpcf7\" value=\"112\" \/>\n<input type=\"hidden\" name=\"_wpcf7_version\" value=\"5.7.7\" \/>\n<input type=\"hidden\" name=\"_wpcf7_locale\" value=\"en_US\" \/>\n<input type=\"hidden\" name=\"_wpcf7_unit_tag\" value=\"wpcf7-f112-o1\" \/>\n<input type=\"hidden\" name=\"_wpcf7_container_post\" value=\"0\" \/>\n<input type=\"hidden\" name=\"_wpcf7_posted_data_hash\" value=\"\" \/>\n<\/div>\n<div class=\"column one-second\">\n\t<p><span class=\"wpcf7-form-control-wrap\" data-name=\"your-name\"><input size=\"40\" class=\"wpcf7-form-control wpcf7-text wpcf7-validates-as-required\" aria-required=\"true\" aria-invalid=\"false\" placeholder=\"Nome\" value=\"\" type=\"text\" name=\"your-name\" \/><\/span>\n\t<\/p>\n<\/div>\n<div class=\"column one-second\">\n\t<p><span class=\"wpcf7-form-control-wrap\" data-name=\"your-phone\"><input size=\"40\" class=\"wpcf7-form-control wpcf7-text wpcf7-tel wpcf7-validates-as-tel\" aria-invalid=\"false\" placeholder=\"Telefone\" value=\"\" type=\"tel\" name=\"your-phone\" \/><\/span>\n\t<\/p>\n<\/div>\n<div class=\"column one\">\n\t<p><span class=\"wpcf7-form-control-wrap\" data-name=\"E-mail\"><input size=\"40\" class=\"wpcf7-form-control wpcf7-text wpcf7-email wpcf7-validates-as-required wpcf7-validates-as-email\" aria-required=\"true\" aria-invalid=\"false\" placeholder=\"E-mail\" value=\"\" type=\"email\" name=\"E-mail\" \/><\/span>\n\t<\/p>\n<\/div>\n<div class=\"column one\">\n\t<p><span class=\"wpcf7-form-control-wrap\" data-name=\"your-message\"><textarea cols=\"40\" rows=\"1\" class=\"wpcf7-form-control wpcf7-textarea\" aria-invalid=\"false\" placeholder=\"Mensagem\" name=\"your-message\"><\/textarea><\/span>\n\t<\/p>\n<\/div>\n<div class=\"column one\" style=\"text-align: center;\">\n\t<p><input class=\"wpcf7-form-control has-spinner wpcf7-submit\" type=\"submit\" value=\"Enviar Mensagem\" \/>\n\t<\/p>\n<\/div><div class=\"wpcf7-response-output\" aria-hidden=\"true\"><\/div>\n<\/form>\n<\/div>\n<\/div>\n\t\t\t\t<\/div>\n\t\t\t\t<\/div>\n\t\t\t\t\t<\/div>\n\t\t<\/div>\n\t\t\t\t\t<\/div>\n\t\t<\/section>\n\t\t\t\t\t<\/div>\n\t\t<\/div>\n\t\t\t\t\t<\/div>\n\t\t<\/section>\n\t\t\t\t<\/div>\n\t\t","protected":false},"excerpt":{"rendered":"<p>O que \u00e9? \u00a0Trata-se de um tratamento\u00a0n\u00e3o-ablativo e n\u00e3o invasivo cujo objetivo \u00e9 o agrad\u00e1vel aquecimento superficial da derme, promovendo aumento de t\u00f4nus.\u00a0\u00a0 Atinge todas as<span class=\"excerpt-hellip\"> [\u2026]<\/span><\/p>\n","protected":false},"author":1,"featured_media":0,"parent":976,"menu_order":0,"comment_status":"closed","ping_status":"closed","template":"","meta":{"_joinchat":[]},"_links":{"self":[{"href":"https:\/\/dermacentro.com.br\/index.php\/wp-json\/wp\/v2\/pages\/877"}],"collection":[{"href":"https:\/\/dermacentro.com.br\/index.php\/wp-json\/wp\/v2\/pages"}],"about":[{"href":"https:\/\/dermacentro.com.br\/index.php\/wp-json\/wp\/v2\/types\/page"}],"author":[{"embeddable":true,"href":"https:\/\/dermacentro.com.br\/index.php\/wp-json\/wp\/v2\/users\/1"}],"replies":[{"embeddable":true,"href":"https:\/\/dermacentro.com.br\/index.php\/wp-json\/wp\/v2\/comments?post=877"}],"version-history":[{"count":11,"href":"https:\/\/dermacentro.com.br\/index.php\/wp-json\/wp\/v2\/pages\/877\/revisions"}],"predecessor-version":[{"id":2414,"href":"https:\/\/dermacentro.com.br\/index.php\/wp-json\/wp\/v2\/pages\/877\/revisions\/2414"}],"up":[{"embeddable":true,"href":"https:\/\/dermacentro.com.br\/index.php\/wp-json\/wp\/v2\/pages\/976"}],"wp:attachment":[{"href":"https:\/\/dermacentro.com.br\/index.php\/wp-json\/wp\/v2\/media?parent=877"}],"curies":[{"name":"wp","href":"https:\/\/api.w.org\/{rel}","templated":true}]}}