{"id":816,"date":"2022-04-11T18:05:03","date_gmt":"2022-04-11T21:05:03","guid":{"rendered":"http:\/\/dermacentro.com.br\/?page_id=816"},"modified":"2022-06-03T17:11:42","modified_gmt":"2022-06-03T20:11:42","slug":"retirada-de-lesoes-de-cancer-de-pele","status":"publish","type":"page","link":"https:\/\/dermacentro.com.br\/index.php\/dermatologia-cirurgica\/retirada-de-lesoes-de-cancer-de-pele\/","title":{"rendered":"Retirada de Les\u00f5es de C\u00e2ncer de Pele"},"content":{"rendered":"\t\t<div data-elementor-type=\"wp-page\" data-elementor-id=\"816\" class=\"elementor elementor-816\">\n\t\t\t\t\t\t<section class=\"elementor-section elementor-top-section elementor-element elementor-element-0c5fb4f elementor-section-stretched elementor-section-boxed elementor-section-height-default elementor-section-height-default\" data-id=\"0c5fb4f\" data-element_type=\"section\" data-settings=\"{&quot;stretch_section&quot;:&quot;section-stretched&quot;,&quot;background_background&quot;:&quot;classic&quot;}\">\n\t\t\t\t\t\t\t<div class=\"elementor-background-overlay\"><\/div>\n\t\t\t\t\t\t\t<div class=\"elementor-container elementor-column-gap-default\">\n\t\t\t\t\t<div class=\"elementor-column elementor-col-100 elementor-top-column elementor-element elementor-element-b33aa50\" data-id=\"b33aa50\" data-element_type=\"column\">\n\t\t\t<div class=\"elementor-widget-wrap elementor-element-populated\">\n\t\t\t\t\t\t\t<\/div>\n\t\t<\/div>\n\t\t\t\t\t<\/div>\n\t\t<\/section>\n\t\t\t\t<section class=\"elementor-section elementor-top-section elementor-element elementor-element-3e41c4a elementor-section-stretched elementor-section-boxed elementor-section-height-default elementor-section-height-default\" data-id=\"3e41c4a\" data-element_type=\"section\" data-settings=\"{&quot;stretch_section&quot;:&quot;section-stretched&quot;,&quot;background_background&quot;:&quot;classic&quot;}\">\n\t\t\t\t\t\t<div class=\"elementor-container elementor-column-gap-wider\">\n\t\t\t\t\t<div class=\"elementor-column elementor-col-100 elementor-top-column elementor-element elementor-element-b382ebe\" data-id=\"b382ebe\" data-element_type=\"column\">\n\t\t\t<div class=\"elementor-widget-wrap elementor-element-populated\">\n\t\t\t\t\t\t<section class=\"elementor-section elementor-inner-section elementor-element elementor-element-a05f91a elementor-section-boxed elementor-section-height-default elementor-section-height-default\" data-id=\"a05f91a\" data-element_type=\"section\">\n\t\t\t\t\t\t<div class=\"elementor-container elementor-column-gap-default\">\n\t\t\t\t\t<div class=\"elementor-column elementor-col-50 elementor-inner-column elementor-element elementor-element-530dd7b\" data-id=\"530dd7b\" data-element_type=\"column\">\n\t\t\t<div class=\"elementor-widget-wrap elementor-element-populated\">\n\t\t\t\t\t\t<div class=\"elementor-element elementor-element-4d5caeb elementor-widget elementor-widget-image\" data-id=\"4d5caeb\" data-element_type=\"widget\" data-widget_type=\"image.default\">\n\t\t\t\t<div class=\"elementor-widget-container\">\n\t\t\t<style>\/*! elementor - v3.23.0 - 05-08-2024 *\/\n.elementor-widget-image{text-align:center}.elementor-widget-image a{display:inline-block}.elementor-widget-image a img[src$=\".svg\"]{width:48px}.elementor-widget-image img{vertical-align:middle;display:inline-block}<\/style>\t\t\t\t\t\t\t\t\t\t<img fetchpriority=\"high\" width=\"780\" height=\"1135\" src=\"https:\/\/dermacentro.com.br\/wp-content\/uploads\/2022\/06\/cancer-page.webp\" class=\"attachment-full size-full wp-image-1491\" alt=\"\" srcset=\"https:\/\/dermacentro.com.br\/wp-content\/uploads\/2022\/06\/cancer-page.webp 780w, https:\/\/dermacentro.com.br\/wp-content\/uploads\/2022\/06\/cancer-page-206x300.webp 206w, https:\/\/dermacentro.com.br\/wp-content\/uploads\/2022\/06\/cancer-page-704x1024.webp 704w, https:\/\/dermacentro.com.br\/wp-content\/uploads\/2022\/06\/cancer-page-768x1118.webp 768w, https:\/\/dermacentro.com.br\/wp-content\/uploads\/2022\/06\/cancer-page-100x146.webp 100w, https:\/\/dermacentro.com.br\/wp-content\/uploads\/2022\/06\/cancer-page-34x50.webp 34w, https:\/\/dermacentro.com.br\/wp-content\/uploads\/2022\/06\/cancer-page-52x75.webp 52w\" sizes=\"(max-width: 780px) 100vw, 780px\" \/>\t\t\t\t\t\t\t\t\t\t\t\t\t<\/div>\n\t\t\t\t<\/div>\n\t\t\t\t\t<\/div>\n\t\t<\/div>\n\t\t\t\t<div class=\"elementor-column elementor-col-50 elementor-inner-column elementor-element elementor-element-8599277\" data-id=\"8599277\" data-element_type=\"column\">\n\t\t\t<div class=\"elementor-widget-wrap elementor-element-populated\">\n\t\t\t\t\t\t<div class=\"elementor-element elementor-element-d53fc86 elementor-widget elementor-widget-text-editor\" data-id=\"d53fc86\" data-element_type=\"widget\" data-widget_type=\"text-editor.default\">\n\t\t\t\t<div class=\"elementor-widget-container\">\n\t\t\t<style>\/*! elementor - v3.23.0 - 05-08-2024 *\/\n.elementor-widget-text-editor.elementor-drop-cap-view-stacked .elementor-drop-cap{background-color:#69727d;color:#fff}.elementor-widget-text-editor.elementor-drop-cap-view-framed .elementor-drop-cap{color:#69727d;border:3px solid;background-color:transparent}.elementor-widget-text-editor:not(.elementor-drop-cap-view-default) .elementor-drop-cap{margin-top:8px}.elementor-widget-text-editor:not(.elementor-drop-cap-view-default) .elementor-drop-cap-letter{width:1em;height:1em}.elementor-widget-text-editor .elementor-drop-cap{float:left;text-align:center;line-height:1;font-size:50px}.elementor-widget-text-editor .elementor-drop-cap-letter{display:inline-block}<\/style>\t\t\t\t<h3><span style=\"color: #ffffff;\">O que \u00e9?<\/span><\/h3>\t\t\t\t\t\t<\/div>\n\t\t\t\t<\/div>\n\t\t\t\t<div class=\"elementor-element elementor-element-d870478 elementor-widget elementor-widget-text-editor\" data-id=\"d870478\" data-element_type=\"widget\" data-widget_type=\"text-editor.default\">\n\t\t\t\t<div class=\"elementor-widget-container\">\n\t\t\t\t\t\t\t<div class=\"wpb_text_column wpb_content_element \" style=\"background: 0px 0px; margin-bottom: 35px; outline: 0px;\"><div class=\"wpb_wrapper\" style=\"background: 0px 0px; outline: 0px;\"><p><span style=\"color: #ffffff;\">O\u00a0<strong>c\u00e2ncer de pele<\/strong>\u00a0\u00e9 um tipo de tumor que, infelizmente, tem grande incid\u00eancia no Brasil e no mundo.<\/span><\/p><p><span style=\"color: #ffffff;\">\u00a0Os fatores de risco do\u00a0<strong>c\u00e2ncer de pele<\/strong>\u00a0s\u00e3o:<\/span><\/p><ul><li><span style=\"color: #ffffff;\">Heran\u00e7a gen\u00e9tica;<\/span><\/li><li><span style=\"color: #ffffff;\">Exposi\u00e7\u00e3o cont\u00ednua \u00e0 radia\u00e7\u00e3o solar, seja durante o trabalho ou lazer.<\/span><\/li><li><span style=\"color: #ffffff;\">Indiv\u00edduos de pele ou olhos claros;<\/span><\/li><li><span style=\"color: #ffffff;\">Indiv\u00edduos albinos;<\/span><\/li><li><span style=\"color: #ffffff;\">Exposi\u00e7\u00e3o a c\u00e2meras para bronzeamento artificial;<\/span><\/li><li><span style=\"color: #ffffff;\">Realiza\u00e7\u00e3o de tratamentos com imunossupressores;<\/span><\/li><li><span style=\"color: #ffffff;\">Presen\u00e7a de vitiligo, doen\u00e7a que causa a despigmenta\u00e7\u00e3o da pele;<\/span><\/li><\/ul><p><span style=\"color: #ffffff;\">O c\u00e2ncer de pele \u00e9 considerado raro em indiv\u00edduos negros e crian\u00e7as, exceto nos casos em que existe uma predisposi\u00e7\u00e3o gen\u00e9tica ou o hist\u00f3rico relacionado a doen\u00e7as da pele.<\/span><\/p><\/div><\/div>\t\t\t\t\t\t<\/div>\n\t\t\t\t<\/div>\n\t\t\t\t\t<\/div>\n\t\t<\/div>\n\t\t\t\t\t<\/div>\n\t\t<\/section>\n\t\t\t\t\t<\/div>\n\t\t<\/div>\n\t\t\t\t\t<\/div>\n\t\t<\/section>\n\t\t\t\t<section class=\"elementor-section elementor-top-section elementor-element elementor-element-23c64f6 elementor-section-stretched elementor-section-boxed elementor-section-height-default elementor-section-height-default\" data-id=\"23c64f6\" data-element_type=\"section\" data-settings=\"{&quot;stretch_section&quot;:&quot;section-stretched&quot;,&quot;background_background&quot;:&quot;classic&quot;}\">\n\t\t\t\t\t\t<div class=\"elementor-container elementor-column-gap-wider\">\n\t\t\t\t\t<div class=\"elementor-column elementor-col-100 elementor-top-column elementor-element elementor-element-536a83c\" data-id=\"536a83c\" data-element_type=\"column\">\n\t\t\t<div class=\"elementor-widget-wrap elementor-element-populated\">\n\t\t\t\t\t\t<section class=\"elementor-section elementor-inner-section elementor-element elementor-element-21d1228 elementor-section-boxed elementor-section-height-default elementor-section-height-default\" data-id=\"21d1228\" data-element_type=\"section\">\n\t\t\t\t\t\t<div class=\"elementor-container elementor-column-gap-default\">\n\t\t\t\t\t<div class=\"elementor-column elementor-col-100 elementor-inner-column elementor-element elementor-element-5128357\" data-id=\"5128357\" data-element_type=\"column\">\n\t\t\t<div class=\"elementor-widget-wrap elementor-element-populated\">\n\t\t\t\t\t\t<div class=\"elementor-element elementor-element-297e11d elementor-widget elementor-widget-text-editor\" data-id=\"297e11d\" data-element_type=\"widget\" data-widget_type=\"text-editor.default\">\n\t\t\t\t<div class=\"elementor-widget-container\">\n\t\t\t\t\t\t\t<h3 style=\"text-align: left;\">Quais s\u00e3o os tipos de <b>c\u00e2ncer de pele<\/b>?<\/h3>\t\t\t\t\t\t<\/div>\n\t\t\t\t<\/div>\n\t\t\t\t<div class=\"elementor-element elementor-element-4aed83e elementor-widget elementor-widget-text-editor\" data-id=\"4aed83e\" data-element_type=\"widget\" data-widget_type=\"text-editor.default\">\n\t\t\t\t<div class=\"elementor-widget-container\">\n\t\t\t\t\t\t\t<h4 style=\"text-align: left;\"><strong>N\u00e3o melanoma<\/strong><\/h4><p style=\"text-align: left;\">O c\u00e2ncer de pele n\u00e3o melanoma \u00e9 mais frequente e com um menor risco de mortalidade.<\/p><p style=\"text-align: left;\">Por outro lado, quando n\u00e3o \u00e9 diagnosticado precocemente e tratado da maneira correta pode resultar em s\u00e9rias complica\u00e7\u00f5es para o paciente.<\/p><p style=\"text-align: left;\"><strong>\u00a0Os principais subtipos do n\u00e3o melanoma s\u00e3o:<\/strong><\/p><p style=\"text-align: left;\">Carcinoma basocelular:\u00a0\u00c9 caracterizado por ter uma evolu\u00e7\u00e3o lenta e ser menos agressivo do que os demais.<\/p><p style=\"text-align: left;\">\u00a0A les\u00e3o na pele causada pelo carcinoma basocelular pode ser similar a uma ferida ou n\u00f3dulo.<\/p><p style=\"text-align: left;\">Est\u00e1 diretamente relacionado \u00e0 exposi\u00e7\u00e3o ao sol e \u00e9 comum em pessoas com maior \u00edndice de exposi\u00e7\u00e3o e com pele mais sens\u00edvel.<\/p><p style=\"text-align: left;\">\u00c9 mais frequente em indiv\u00edduos mais maduros.<\/p><p style=\"text-align: left;\">Ap\u00f3s o surgimento deste tipo de les\u00e3o \u00e9 imprescind\u00edvel o acompanhamento cont\u00ednuo do paciente para que novas les\u00f5es sejam diagnosticadas com rapidez.<\/p><p style=\"text-align: left;\">Carcinoma espinocelular:\u00a0tamb\u00e9m relacionado \u00e0 predisposi\u00e7\u00e3o gen\u00e9tica, pode estar associado \u00e0 exposi\u00e7\u00e3o a agentes qu\u00edmicos ou radioativos, uso de medicamentos antirrejei\u00e7\u00e3o de \u00f3rg\u00e3os transplantados ou a feridas cr\u00f4nicas.<\/p><p style=\"text-align: left;\">O carcinoma espinocelular se origina das c\u00e9lulas escamosas da pele (queratin\u00f3citos) e \u00e9 mais frequente em homens.<\/p><p style=\"text-align: left;\">Geralmente, ele possui uma tonalidade avermelhada e apar\u00eancia semelhante \u00e0 de uma verruga ou a uma ferida.<\/p><p style=\"text-align: left;\">\u00c9 mais agressivo que o Carcinoma Basocelular e deve ser tratado r\u00e1pida e energicamente.<\/p><p style=\"text-align: left;\">Ap\u00f3s o surgimento deste tipo de les\u00e3o \u00e9 imprescind\u00edvel o acompanhamento cont\u00ednuo do paciente para que novas les\u00f5es sejam diagnosticadas com rapidez.<\/p><h4 style=\"text-align: left;\">Melanoma<\/h4><div style=\"text-align: left;\"><p class=\"MsoNormal\">O Melanoma \u00e9 o tipo de tumor cut\u00e2neo mais raro e pode se originar de pintas presentes no corpo.<\/p><p class=\"MsoNormal\">Mais frequente em adultos, pode surgir em qualquer parte do corpo.<\/p><p class=\"MsoNormal\">O\u00a0Melanoma \u00e9 muito agressivo e possui uma alta incid\u00eancia de met\u00e1stase, isto \u00e9, potencial para se disseminar para outros \u00f3rg\u00e3os.<\/p><p class=\"MsoNormal\">Corresponde a 30% dos tumores malignos registrados no Brasil.<\/p><\/div><div style=\"text-align: left;\">\u00a0<\/div>\t\t\t\t\t\t<\/div>\n\t\t\t\t<\/div>\n\t\t\t\t\t<\/div>\n\t\t<\/div>\n\t\t\t\t\t<\/div>\n\t\t<\/section>\n\t\t\t\t\t<\/div>\n\t\t<\/div>\n\t\t\t\t\t<\/div>\n\t\t<\/section>\n\t\t\t\t<section class=\"elementor-section elementor-top-section elementor-element elementor-element-1e396e2 elementor-section-stretched elementor-section-boxed elementor-section-height-default elementor-section-height-default\" data-id=\"1e396e2\" data-element_type=\"section\" data-settings=\"{&quot;stretch_section&quot;:&quot;section-stretched&quot;,&quot;background_background&quot;:&quot;classic&quot;}\">\n\t\t\t\t\t\t<div class=\"elementor-container elementor-column-gap-wider\">\n\t\t\t\t\t<div class=\"elementor-column elementor-col-100 elementor-top-column elementor-element elementor-element-c87c65b\" data-id=\"c87c65b\" data-element_type=\"column\">\n\t\t\t<div class=\"elementor-widget-wrap elementor-element-populated\">\n\t\t\t\t\t\t<div class=\"elementor-element elementor-element-fa02d70 elementor-widget elementor-widget-text-editor\" data-id=\"fa02d70\" data-element_type=\"widget\" data-widget_type=\"text-editor.default\">\n\t\t\t\t<div class=\"elementor-widget-container\">\n\t\t\t\t\t\t\t<h3><span style=\"color: #ffffff;\">Quais os sintomas do <b>C\u00e2ncer de Pele?<\/b><\/span><\/h3>\t\t\t\t\t\t<\/div>\n\t\t\t\t<\/div>\n\t\t\t\t<div class=\"elementor-element elementor-element-32399a3 elementor-widget elementor-widget-text-editor\" data-id=\"32399a3\" data-element_type=\"widget\" data-widget_type=\"text-editor.default\">\n\t\t\t\t<div class=\"elementor-widget-container\">\n\t\t\t\t\t\t\t<p><span style=\"color: #ffffff;\">A agilidade no diagn\u00f3stico do c\u00e2ncer cut\u00e2neo \u00e9 fundamental para melhorar o progn\u00f3stico da doen\u00e7a.<\/span><\/p><p><span style=\"color: #ffffff;\">\u00a0Por esse motivo, \u00e9 importante que o paciente esteja atento a alguns aspectos que indicam a exist\u00eancia de um c\u00e2ncer de pele.<\/span><\/p><p><span style=\"color: #ffffff;\">O\u00a0<strong>c\u00e2ncer de pele<\/strong> pode aparecer em v\u00e1rias partes do corpo, sendo mais comum nas \u00e1reas que est\u00e3o mais expostas ao sol, como as orelhas, o pesco\u00e7o, o ombro e o dorso. Os principais sintomas do c\u00e2ncer de pele s\u00e3o:<\/span><\/p><ul><li><span style=\"color: #ffffff;\">Pintas ou sinais que mudam de cor, formato ou tamanho;<\/span><\/li><li><span style=\"color: #ffffff;\">Feridas que n\u00e3o completam o processo de cicatriza\u00e7\u00e3o depois de 4 semanas;<\/span><\/li><li><span style=\"color: #ffffff;\">Les\u00e3o cut\u00e2nea com aspecto transl\u00facido, castanho ou multicolorido com crosta central;<\/span><\/li><li><span style=\"color: #ffffff;\">Presen\u00e7a de manchas que sangram, descamam ou causam coceira (pruriginosas).<\/span><\/li><\/ul>\t\t\t\t\t\t<\/div>\n\t\t\t\t<\/div>\n\t\t\t\t<div class=\"elementor-element elementor-element-6b374ee elementor-widget elementor-widget-text-editor\" data-id=\"6b374ee\" data-element_type=\"widget\" data-widget_type=\"text-editor.default\">\n\t\t\t\t<div class=\"elementor-widget-container\">\n\t\t\t\t\t\t\t<h3><span style=\"color: #ffffff;\">Quais os tratamentos do <b>C\u00e2ncer de Pele?<\/b><\/span><\/h3>\t\t\t\t\t\t<\/div>\n\t\t\t\t<\/div>\n\t\t\t\t<div class=\"elementor-element elementor-element-af8302f elementor-widget elementor-widget-text-editor\" data-id=\"af8302f\" data-element_type=\"widget\" data-widget_type=\"text-editor.default\">\n\t\t\t\t<div class=\"elementor-widget-container\">\n\t\t\t\t\t\t\t<p><span style=\"color: #ffffff;\">Na maioria das situa\u00e7\u00f5es, a t\u00e9cnica mais utilizada \u00e9 a cir\u00fargica, entretanto, isso depender\u00e1 do est\u00e1gio da doen\u00e7a e do estado de sa\u00fade do paciente.<\/span><\/p><p><span style=\"color: #ffffff;\">O tratamento do\u00a0<strong>c\u00e2ncer de pele<\/strong>\u00a0possui alguns objetivos bem definidos. S\u00e3o eles:<\/span><\/p><ul><li><span style=\"color: #ffffff;\">Manter a fun\u00e7\u00e3o da \u00e1rea operada;<\/span><\/li><li><span style=\"color: #ffffff;\">Preservar ao m\u00e1ximo o tecido natural;<\/span><\/li><li><span style=\"color: #ffffff;\">Promover o melhor resultado est\u00e9tico poss\u00edvel;<\/span><\/li><li><span style=\"color: #ffffff;\">Remover o tumor completamente (cirurgia excisional com congela\u00e7\u00e3o intraoperat\u00f3ria e margens livres de comprometimento neopl\u00e1sico).<\/span><\/li><\/ul><p><span style=\"color: #ffffff;\">No caso do carcinoma espinocelular, h\u00e1 tamb\u00e9m a preocupa\u00e7\u00e3o de evitar a met\u00e1stase e reduzir as possibilidades de recidiva.<\/span><\/p><p><span style=\"color: #ffffff;\">O\u00a0<strong>c\u00e2ncer de pele<\/strong>\u00a0pode ser prevenido com algumas medidas b\u00e1sicas. Uma delas \u00e9 evitar a exposi\u00e7\u00e3o solar entre as 10hs e as 16hs, quando a radia\u00e7\u00e3o est\u00e1 mais intensa, e sempre proteger a pele com protetor solar mesmo em dias nublados ou chuvosos. Tamb\u00e9m vale a pena apostar em outros recursos como o chap\u00e9u, roupas de cobertura UV e os \u00f3culos de sol.<\/span><\/p>\t\t\t\t\t\t<\/div>\n\t\t\t\t<\/div>\n\t\t\t\t\t<\/div>\n\t\t<\/div>\n\t\t\t\t\t<\/div>\n\t\t<\/section>\n\t\t\t\t<section class=\"elementor-section elementor-top-section elementor-element elementor-element-1e1d461 elementor-section-stretched elementor-section-boxed elementor-section-height-default elementor-section-height-default\" data-id=\"1e1d461\" data-element_type=\"section\" data-settings=\"{&quot;stretch_section&quot;:&quot;section-stretched&quot;}\">\n\t\t\t\t\t\t<div class=\"elementor-container elementor-column-gap-wider\">\n\t\t\t\t\t<div class=\"elementor-column elementor-col-100 elementor-top-column elementor-element elementor-element-98eea6e\" data-id=\"98eea6e\" data-element_type=\"column\">\n\t\t\t<div class=\"elementor-widget-wrap elementor-element-populated\">\n\t\t\t\t\t\t<section class=\"elementor-section elementor-inner-section elementor-element elementor-element-8caea67 elementor-section-boxed elementor-section-height-default elementor-section-height-default\" data-id=\"8caea67\" data-element_type=\"section\" data-settings=\"{&quot;background_background&quot;:&quot;classic&quot;}\">\n\t\t\t\t\t\t<div class=\"elementor-container elementor-column-gap-default\">\n\t\t\t\t\t<div class=\"elementor-column elementor-col-100 elementor-inner-column elementor-element elementor-element-7cbc67d\" data-id=\"7cbc67d\" data-element_type=\"column\" data-settings=\"{&quot;background_background&quot;:&quot;classic&quot;}\">\n\t\t\t<div class=\"elementor-widget-wrap elementor-element-populated\">\n\t\t\t\t\t\t<div class=\"elementor-element elementor-element-aa9989b elementor-widget elementor-widget-text-editor\" data-id=\"aa9989b\" data-element_type=\"widget\" data-widget_type=\"text-editor.default\">\n\t\t\t\t<div class=\"elementor-widget-container\">\n\t\t\t\t\t\t\t<h2><b>Contato<\/b><\/h2><div><b>Entre em contato conosco para tirar uma d\u00favida ou agendar uma consulta.<\/b><\/div>\t\t\t\t\t\t<\/div>\n\t\t\t\t<\/div>\n\t\t\t\t<div class=\"elementor-element elementor-element-d89342c elementor-widget elementor-widget-spacer\" data-id=\"d89342c\" data-element_type=\"widget\" data-widget_type=\"spacer.default\">\n\t\t\t\t<div class=\"elementor-widget-container\">\n\t\t\t<style>\/*! elementor - v3.23.0 - 05-08-2024 *\/\n.elementor-column .elementor-spacer-inner{height:var(--spacer-size)}.e-con{--container-widget-width:100%}.e-con-inner>.elementor-widget-spacer,.e-con>.elementor-widget-spacer{width:var(--container-widget-width,var(--spacer-size));--align-self:var(--container-widget-align-self,initial);--flex-shrink:0}.e-con-inner>.elementor-widget-spacer>.elementor-widget-container,.e-con>.elementor-widget-spacer>.elementor-widget-container{height:100%;width:100%}.e-con-inner>.elementor-widget-spacer>.elementor-widget-container>.elementor-spacer,.e-con>.elementor-widget-spacer>.elementor-widget-container>.elementor-spacer{height:100%}.e-con-inner>.elementor-widget-spacer>.elementor-widget-container>.elementor-spacer>.elementor-spacer-inner,.e-con>.elementor-widget-spacer>.elementor-widget-container>.elementor-spacer>.elementor-spacer-inner{height:var(--container-widget-height,var(--spacer-size))}.e-con-inner>.elementor-widget-spacer.elementor-widget-empty,.e-con>.elementor-widget-spacer.elementor-widget-empty{position:relative;min-height:22px;min-width:22px}.e-con-inner>.elementor-widget-spacer.elementor-widget-empty .elementor-widget-empty-icon,.e-con>.elementor-widget-spacer.elementor-widget-empty .elementor-widget-empty-icon{position:absolute;top:0;bottom:0;left:0;right:0;margin:auto;padding:0;width:22px;height:22px}<\/style>\t\t<div class=\"elementor-spacer\">\n\t\t\t<div class=\"elementor-spacer-inner\"><\/div>\n\t\t<\/div>\n\t\t\t\t<\/div>\n\t\t\t\t<\/div>\n\t\t\t\t<div class=\"elementor-element elementor-element-8c37a5d elementor-widget elementor-widget-shortcode\" data-id=\"8c37a5d\" data-element_type=\"widget\" data-widget_type=\"shortcode.default\">\n\t\t\t\t<div class=\"elementor-widget-container\">\n\t\t\t\t\t<div class=\"elementor-shortcode\">\n<div class=\"wpcf7 no-js\" id=\"wpcf7-f112-o1\" lang=\"en-US\" dir=\"ltr\">\n<div class=\"screen-reader-response\"><p role=\"status\" aria-live=\"polite\" aria-atomic=\"true\"><\/p> <ul><\/ul><\/div>\n<form action=\"\/index.php\/wp-json\/wp\/v2\/pages\/816#wpcf7-f112-o1\" method=\"post\" class=\"wpcf7-form init\" aria-label=\"Contact form\" novalidate=\"novalidate\" data-status=\"init\">\n<div style=\"display: none;\">\n<input type=\"hidden\" name=\"_wpcf7\" value=\"112\" \/>\n<input type=\"hidden\" name=\"_wpcf7_version\" value=\"5.7.7\" \/>\n<input type=\"hidden\" name=\"_wpcf7_locale\" value=\"en_US\" \/>\n<input type=\"hidden\" name=\"_wpcf7_unit_tag\" value=\"wpcf7-f112-o1\" \/>\n<input type=\"hidden\" name=\"_wpcf7_container_post\" value=\"0\" \/>\n<input type=\"hidden\" name=\"_wpcf7_posted_data_hash\" value=\"\" \/>\n<\/div>\n<div class=\"column one-second\">\n\t<p><span class=\"wpcf7-form-control-wrap\" data-name=\"your-name\"><input size=\"40\" class=\"wpcf7-form-control wpcf7-text wpcf7-validates-as-required\" aria-required=\"true\" aria-invalid=\"false\" placeholder=\"Nome\" value=\"\" type=\"text\" name=\"your-name\" \/><\/span>\n\t<\/p>\n<\/div>\n<div class=\"column one-second\">\n\t<p><span class=\"wpcf7-form-control-wrap\" data-name=\"your-phone\"><input size=\"40\" class=\"wpcf7-form-control wpcf7-text wpcf7-tel wpcf7-validates-as-tel\" aria-invalid=\"false\" placeholder=\"Telefone\" value=\"\" type=\"tel\" name=\"your-phone\" \/><\/span>\n\t<\/p>\n<\/div>\n<div class=\"column one\">\n\t<p><span class=\"wpcf7-form-control-wrap\" data-name=\"E-mail\"><input size=\"40\" class=\"wpcf7-form-control wpcf7-text wpcf7-email wpcf7-validates-as-required wpcf7-validates-as-email\" aria-required=\"true\" aria-invalid=\"false\" placeholder=\"E-mail\" value=\"\" type=\"email\" name=\"E-mail\" \/><\/span>\n\t<\/p>\n<\/div>\n<div class=\"column one\">\n\t<p><span class=\"wpcf7-form-control-wrap\" data-name=\"your-message\"><textarea cols=\"40\" rows=\"1\" class=\"wpcf7-form-control wpcf7-textarea\" aria-invalid=\"false\" placeholder=\"Mensagem\" name=\"your-message\"><\/textarea><\/span>\n\t<\/p>\n<\/div>\n<div class=\"column one\" style=\"text-align: center;\">\n\t<p><input class=\"wpcf7-form-control has-spinner wpcf7-submit\" type=\"submit\" value=\"Enviar Mensagem\" \/>\n\t<\/p>\n<\/div><div class=\"wpcf7-response-output\" aria-hidden=\"true\"><\/div>\n<\/form>\n<\/div>\n<\/div>\n\t\t\t\t<\/div>\n\t\t\t\t<\/div>\n\t\t\t\t\t<\/div>\n\t\t<\/div>\n\t\t\t\t\t<\/div>\n\t\t<\/section>\n\t\t\t\t\t<\/div>\n\t\t<\/div>\n\t\t\t\t\t<\/div>\n\t\t<\/section>\n\t\t\t\t<\/div>\n\t\t","protected":false},"excerpt":{"rendered":"<p>O que \u00e9? O\u00a0c\u00e2ncer de pele\u00a0\u00e9 um tipo de tumor que, infelizmente, tem grande incid\u00eancia no Brasil e no mundo. \u00a0Os fatores de risco do\u00a0c\u00e2ncer de<span class=\"excerpt-hellip\"> [\u2026]<\/span><\/p>\n","protected":false},"author":1,"featured_media":0,"parent":755,"menu_order":0,"comment_status":"closed","ping_status":"closed","template":"","meta":{"_joinchat":[]},"_links":{"self":[{"href":"https:\/\/dermacentro.com.br\/index.php\/wp-json\/wp\/v2\/pages\/816"}],"collection":[{"href":"https:\/\/dermacentro.com.br\/index.php\/wp-json\/wp\/v2\/pages"}],"about":[{"href":"https:\/\/dermacentro.com.br\/index.php\/wp-json\/wp\/v2\/types\/page"}],"author":[{"embeddable":true,"href":"https:\/\/dermacentro.com.br\/index.php\/wp-json\/wp\/v2\/users\/1"}],"replies":[{"embeddable":true,"href":"https:\/\/dermacentro.com.br\/index.php\/wp-json\/wp\/v2\/comments?post=816"}],"version-history":[{"count":7,"href":"https:\/\/dermacentro.com.br\/index.php\/wp-json\/wp\/v2\/pages\/816\/revisions"}],"predecessor-version":[{"id":1494,"href":"https:\/\/dermacentro.com.br\/index.php\/wp-json\/wp\/v2\/pages\/816\/revisions\/1494"}],"up":[{"embeddable":true,"href":"https:\/\/dermacentro.com.br\/index.php\/wp-json\/wp\/v2\/pages\/755"}],"wp:attachment":[{"href":"https:\/\/dermacentro.com.br\/index.php\/wp-json\/wp\/v2\/media?parent=816"}],"curies":[{"name":"wp","href":"https:\/\/api.w.org\/{rel}","templated":true}]}}